3. What are the prime factors of p?
89
Let n(z) = -z**2 + 14*z - 10. Let i be n(7). Suppose -a + 30 = -i. What are the prime factors of a?
3, 23
Suppose 0 = -2*l + 4, 0*l = -v - 3*l + 557. What are the prime factors of v?
19, 29
Suppose s + 1195 + 225 = 2*g, 3*s - 2112 = -3*g. List the prime factors of g.
2, 3, 59
Let z be ((-30)/(-45))/((-4)/(-18)). Let p be (z/(-1) + 3)/(-1). Suppose r - 4 - 2 = p. What are the prime factors of r?
2, 3
Let r(a) = 30 + 17 + 11 + a - 27. List the prime factors of r(-16).
3, 5
Suppose 107*v - 106*v = c + 3744, 3*v = 5*c + 11238. List the prime factors of v.
3, 29, 43
Suppose 0 = 700*b - 702*b + 2024. What are the prime factors of b?
2, 11, 23
Suppose -2*z + 1167 = -0*n + 3*n, -1163 = -2*z + n. What are the prime factors of z?
2, 3, 97
What are the prime factors of (-3928)/(-10)*5/2?
2, 491
Let l(p) = -p**2 - 4*p - 77. Let h(z) = 2*z**2 + 7*z + 153. Let j(m) = 3*h(m) + 5*l(m). Let q = -2 - -2. List the prime factors of j(q).
2, 37
Let q(g) = -g**3 - 13*g**2 + 41*g - 11. List the prime factors of q(-17).
2, 7
Let m(k) = 23*k**2 - 8*k - 3. Let h(z) = -24*z**2 + 9*z + 2. Let s(p) = 5*h(p) + 6*m(p). List the prime factors of s(-4).
2, 73
Let t = 7 - 2. List the prime factors of 226 - ((-5 - 1) + t).
227
Let y be 2/1 - (1 - 2). Suppose -4*b - o = -34, -17 = -3*b - y*o + 4. Suppose 4*u - 19 = b. What are the prime factors of u?
7
Let f(g) = 8*g**2 - 1. Let j be f(2). Let q = j + -17. Let v(t) = t + 7. What are the prime factors of v(q)?
3, 7
Let l = 9 - 11. Let o be (l/5)/((-3)/(-90)). List the prime factors of ((-93)/4)/(o/32).
2, 31
Let m = 5 - 5. Let c = 4 - m. Suppose d - 10 = -j, j = 3*j + c*d - 24. List the prime factors of j.
2
Let j be (3 + (-10)/3)*6. Let i(g) be the second derivative of -8*g**3/3 - g**2/2 + g. What are the prime factors of i(j)?
31
Let o(g) = 2*g**2 + g - 12. Let i be o(6). Suppose j = i + 106. What are the prime factors of j?
2, 43
Suppose -5*k - 40 = -5*z, 5*k = -4*z + 10 - 5. List the prime factors of z.
5
Suppose 0 = -15*q + 6667 + 8108. What are the prime factors of q?
5, 197
Let i(z) = -9*z**3 - 3*z**2 - 4*z - 6. Let j be i(-3). Suppose 0 = 10*m - 7*m - j. List the prime factors of m.
2, 37
Suppose -3*w - 2*w + 30 = 0. Suppose 2*t = w*t - 272. What are the prime factors of t?
2, 17
Let g = 1252 + -540. List the prime factors of g.
2, 89
Let m(z) = 5*z**3 + 4*z**2 + 11*z - 1. What are the prime factors of m(4)?
7, 61
Let q(t) = 88*t**3 + t**2 - 1. Let a(b) = -2*b - 3. Let k be a(-2). What are the prime factors of q(k)?
2, 11
Let g = 64 - 188. Let q = -73 - g. What are the prime factors of q?
3, 17
Suppose -4370 = -v + 1062. List the prime factors of v.
2, 7, 97
Let f(j) = -39*j**2 + 4*j + 1. Let t(u) = -116*u**2 + 9*u + 0*u + 3*u - u + 3. Let p(n) = 17*f(n) - 6*t(n). List the prime factors of p(1).
2, 17
Suppose 2*l = -32 + 4. Let y(w) = w**3 + 15*w**2 - 7*w + 6. List the prime factors of y(l).
2, 3, 5
Let i be 1149/5 - (-2)/10. Suppose 4*m + i = -m. Let d = m + 107. What are the prime factors of d?
61
Let a be 320/(-112)*((-36)/(-8) - 1). Let h = -394 - -598. List the prime factors of h/a*(-20)/8.
3, 17
Let d = 1442 - 370. List the prime factors of d.
2, 67
Let q(y) = -13*y + 333. List the prime factors of q(-6).
3, 137
Let a(g) = 8*g**3 - 3*g**2 - 6*g + 4. Let v be a(4). Suppose 2*p = -0*p + v. List the prime factors of p.
2, 3, 37
Suppose -22 + 34 = 4*x. Suppose 0*g = 2*g + 6, x*o = g + 57. What are the prime factors of o?
2, 3
Let i(x) = 134*x + 48. List the prime factors of i(3).
2, 3, 5
Let t(q) = q**2 - 7*q - 1. Let v be t(-6). Let z = -57 + v. What are the prime factors of z?
2, 5
List the prime factors of (3*-701)/(-59 - -58).
3, 701
Let m be ((-1)/2)/(3/(-102)). Let y(k) be the second derivative of k**4/12 - 8*k**3/3 + 9*k**2/2 - 30*k. List the prime factors of y(m).
2, 13
Let t be ((-1 - -2)*0)/(-2). Let p be (2 - t)*(0 - -2). Suppose 3*n - 3*q - 45 = 0, n - 76 = -4*n + p*q. What are the prime factors of n?
2
Suppose 33909 = 16*b - 14107. What are the prime factors of b?
3001
Let t(j) = -3*j**3 + j + 1. Let b be t(-1). Suppose -2*z + 0*g - b = -g, 5*z = -5*g. What are the prime factors of (-178 - z)*10/(-30)?
59
Suppose 2*l + 931 = q, -4*l + 2817 = 3*q - 2*l. List the prime factors of q.
937
Let r = 86 - 83. Suppose -4*k + 156 = -4*x, 0*k + k = -r*x + 59. List the prime factors of k.
2, 11
Let q(c) = -c**3 + 10*c**2 + 10*c + 5. Let x be q(11). Let n = 31 + x. What are the prime factors of n?
5
Let p = 2508 + -2275. What are the prime factors of p?
233
Let f = 1855 + -321. List the prime factors of f.
2, 13, 59
Suppose 13 = d + 4. Let u(k) = k**2 - 8*k - 11. Let a be u(d). What are the prime factors of (44/(-16))/(a/8)?
11
Let r(j) = j - 3 + 2*j**2 - 8*j**2 - 4 - 2 - j**3. Let s be r(-8). Suppose -3*n + s = 2*l, 3*n + 42 = l - 27. List the prime factors of l.
2, 3, 5
List the prime factors of 8066/(-6)*-1 - 4/(-6).
5, 269
Suppose -31*y - 4*y + 96425 = 0. List the prime factors of y.
5, 19, 29
Let a(t) = -34*t**3 + 3*t**2 + 3*t + 37. What are the prime factors of a(-5)?
3, 7, 23
Suppose 2*g = -0*g. Suppose -5*x - 756 - 364 = g. List the prime factors of x/(-12) - (-6)/(-9).
2, 3
Let r be 245/1 - (1/(-1) + -1). Let y = 388 - r. List the prime factors of y.
3, 47
Suppose -5*r - 20 - 30 = 0. Let v = -8 - r. Suppose y + v*s + 80 = 3*y, 2*y + s - 95 = 0. What are the prime factors of y?
3, 5
Suppose 451 = 2*i - 4*u - 165, 4*i = -u + 1250. What are the prime factors of i?
2, 3, 13
Let v(t) = -283*t + 155. What are the prime factors of v(-15)?
2, 5, 11
Suppose 3*n - 9 = 5*v - n, v = -n. What are the prime factors of (-61 - 0)*v/1*2?
2, 61
Suppose 110*k - 106*k = 4460. What are the prime factors of k?
5, 223
Let d(m) = 18*m - 33*m - 33 - 33*m. What are the prime factors of d(-4)?
3, 53
Let i(n) be the second derivative of -n**3/3 + 10*n**2 + 5*n. List the prime factors of i(7).
2, 3
Let p = -91 - -131. Suppose -5*i - 5 = -p. Suppose -35 = -i*x + 2*x. List the prime factors of x.
7
Let u = 1015 + -1018. Let n(d) be the third derivative of -d**6/40 - d**5/20 + d**4/8 + d**3/6 - d**2. What are the prime factors of n(u)?
2, 23
Suppose -6*i + 721 = -95. Let q = i - 106. List the prime factors of q.
2, 3, 5
Let l = 3066 + -1346. Suppose -4*h + l = 16*h. What are the prime factors of h?
2, 43
Let z = 111 - -1211. List the prime factors of z.
2, 661
Suppose 20 = 2*v - 4*d, -18 = -5*v + d + 5. Let k be (-6)/v - 5/(-10). What are the prime factors of 1573/88 - k/8?
2, 3
Suppose -4*y = 4*k - 1052, -k + 1295 = -38*y + 43*y. What are the prime factors of y?
2, 3, 43
Suppose 2*j - 18 + 2 = 0. Let v = 81 - j. What are the prime factors of v?
73
Let l(n) = 9*n**2. Let j be l(-1). Suppose -j = 3*a - 288. Let u = -55 + a. List the prime factors of u.
2, 19
Let r be 22/14 + 24/(-42). Let m(a) = 60*a**3. List the prime factors of m(r).
2, 3, 5
Let t = -2146 - -4374. List the prime factors of t.
2, 557
Let a(b) = -13*b + 484. What are the prime factors of a(-57)?
5, 7
Let j be 8/(-36) + (435/(-27))/(-5). Suppose 5*y = j*s + 93, 0 = -y + 3*s - 5*s + 16. What are the prime factors of y?
2, 3
Suppose 10 = -2*d, 27 = x - 3*d + 7. Suppose -344 = f - x*f. List the prime factors of f.
2, 43
Let p be 19 - 7/((-21)/(-12)). Let r = 11 - p. Let y(b) = 4*b**2 + 3*b - 1. List the prime factors of y(r).
3, 17
Let i be (-261)/3 - (2 - 3). Let n = -50 - i. List the prime factors of n.
2, 3
Suppose -582 = -20*b + 18*b. Let j = b - 173. Suppose -j = -4*u + 34. List the prime factors of u.
2, 19
Let n be (-16)/28*21/(-2). Suppose -9*a + 123 = -n*a. List the prime factors of a.
41
Let g(o) = -o**3 + 27*o**2 - 28*o + 54. Let s be g(26). Suppose 93 = s*z - 143. List the prime factors of z.
2, 59
Suppose 0 = i, s - 6*s + 640 = 3*i. What are the prime factors of s?
2
Let f = -19 + 12. List the prime factors of (-369)/(-12) + f/(-28).
31
Suppose -5*v - 10 = -10*v. Let f = 1 + v. Suppose f*a = -a + 104. List the prime factors of a.
2, 13
Let s(k) = -13*k - 64. Let m(f) = -3*f - 3. Let x be m(8). What are the prime factors of s(x)?
7, 41
Let o(a) = -6*a**3 - 8*a**2 - 5*a + 3. Let p = 60 - 63. What are the prime factors of o(p)?
2, 3
Suppose -n + 16 = 3*m, -2*m + 40 = 3*m + 5*n. Suppose -4*p + 60 = 5*l, -2*p = -m*l + 82 - 8. Sup